218 = 2*o + 2*m. Calculate the remainder when 641 is divided by o.
91
Let v(h) = 6 - 3*h**2 + 10*h + 3 + 4*h**2 + 2. Let l be v(-9). Suppose -l*r - w + 16 = -38, -w + 129 = 5*r. What is the remainder when r is divided by 5?
0
Suppose -188 = -t - 58. Suppose 0 = -4*w + 3*o + t, -w - 4*o = -3*w + 70. What is the remainder when 215 is divided by w?
29
Suppose 2*m - 2492 = -4*f, 0 = -87*f + 89*f + 6*m - 1286. Calculate the remainder when f is divided by 303.
13
Let k(r) = -46*r + 2. Suppose 5*y = -4*t - 31, -4*t - 3*y = -6*y + 7. Let h(g) = -46*g - 137. What is the remainder when k(-5) is divided by h(t)?
44
Let g be (-1)/(-5) - ((-147)/15 - -6). Suppose -g*m + 14 = -2*h - 0, 37 = -3*h + 2*m. What is the remainder when 6 is divided by 2*4/((-24)/h)?
1
What is the remainder when 1410 is divided by 172 + 1 + -2 + -13?
146
Suppose -2*v + 750 + 620 = 0. Suppose v = 8*z - 243. Suppose 3*a = 7*a - 156. What is the remainder when z is divided by a?
38
Let s = -231 - -281. Calculate the remainder when 155 is divided by 24/(-10)*4/(-12)*s.
35
Suppose -471 = 42*b - 645 - 960. Calculate the remainder when b is divided by 6 - -1*2/(-1).
3
Suppose -12 - 399 = -3*s. Suppose 3*c - 4*o - 88 = 154, 3*c - 218 = o. Calculate the remainder when s is divided by c.
67
Suppose 0 = 4*z, 1675*z = 4*u + 1670*z - 64. Suppose -3*x + 15 = -30. What is the remainder when u is divided by x?
1
Let w = -107 + 165. Let t = w - 18. Calculate the remainder when t is divided by (24/(-9) + 1)*(-14 + 5).
10
Suppose 2 = 19*t - 17*t, 0 = -3*v - 2*t + 755. What is the remainder when v is divided by 83?
2
Suppose -4*s - 3*o = -31, o = -0*s - 4*s + 21. Suppose 3*w - 2*a = -s*a - 15, -2*a = -2*w. Calculate the remainder when 37 is divided by 1/(-2*w/114).
18
Suppose -1815 = -3*d - 3*i, -23*d - 2*i - 2426 = -27*d. What is the remainder when d is divided by 594?
12
Let w = 1122 + -1115. Let t be (1 + (1 - 0))*1. Calculate the remainder when (-138)/(1*-3) + t is divided by w.
6
Let b be 20/(-16)*(-18)/15*4. Suppose -2 + 217 = 5*q. Suppose 0 = -h - v + q, -b*v + 3*v = 6. Calculate the remainder when h is divided by 12.
9
Let a = -179 + 788. What is the remainder when 868 is divided by ((1*-3)/(-1))/(a/11774)?
56
What is the remainder when 429 + 16 + 0 + -8 is divided by 121?
74
What is the remainder when 189 - (1/(-2))/(69/1380) is divided by 24?
7
Suppose -23 = 4*x - 4*u - 67, 0 = 5*x - 4*u - 59. Suppose -2 = -5*q + 2*r + 19, -x = -q - 5*r. Calculate the remainder when 38 is divided by q.
3
Let y = -15 - -11. Let f be (-1)/y*3*-2*-94. Let o = f + -56. Calculate the remainder when o is divided by 43.
42
Let g(v) = 2*v + 2. Let f(r) = r**2 - 11*r + 5. Let q be f(11). Suppose 102*a - 393 = 132 - 117. Calculate the remainder when g(q) is divided by a.
0
Let r(l) be the second derivative of l**4/4 + l**3/3 + 31*l**2/2 - l - 37. What is the remainder when 41 is divided by r(0)?
10
Let h = -310 - -314. Suppose 0 = 5*c - h*f - 328, 0 = -5*c - 0*f - f + 318. What is the remainder when 117 is divided by c?
53
Suppose 3*r + 19 - 25 = 0. Calculate the remainder when 101 is divided by r/5 + 1144/65.
11
What is the remainder when 563 is divided by 155 - (58/87 - 4/6)?
98
Let v(q) = -q**3 - 15*q**2 + 26*q - 28. Let f = 44 + -61. What is the remainder when v(f) is divided by 11?
9
Let h = 3250 + -3045. What is the remainder when h is divided by 141/11 + (-2)/(-11)?
10
Suppose 48*f - 4008 - 1894 - 4226 = 0. Calculate the remainder when 9492 is divided by f.
208
Let d = -5710 + 7553. Calculate the remainder when d is divided by 50.
43
Let f = 16 + -52. Let b = 264 + -243. What is the remainder when b is divided by (f/(-2) + -3 - 1) + 0?
7
Let j(b) = 4*b**2 + 13*b - 44. Suppose -11 = -20*c + 49. Suppose 2*p + p - 33 = 0. What is the remainder when j(c) is divided by p?
9
Suppose 0 = 2*v + 3*c - 6, 0 = v + 3*v - 5*c - 56. Let j(u) = u**3 - 10*u**2 + 12*u + 4. Calculate the remainder when 119 is divided by j(v).
26
Suppose 5*m - 4*p + 1089 = 0, 4*m + 2*p = m - 649. Let c = -201 - m. Calculate the remainder when c is divided by 9.
7
Suppose 0 = y - 5*r - 155, -r - 57 = -4*y + 525. What is the remainder when 517 is divided by y?
82
Let m = 10 + 53. Let l = m + -56. What is the remainder when (1 - -28) + 18/(-9) is divided by l?
6
Let d be ((-3)/(-6))/((10/268)/5). Suppose y + 5 = d. Calculate the remainder when 123 is divided by y.
61
Suppose 3*r + 3*n + 63 = 0, -4*r - 39 = -4*n + 61. What is the remainder when 16 is divided by 13/(-26) - r/2?
5
Let a = 24 + -11. Let r(k) = -a + 30*k - 98*k - 114*k. Calculate the remainder when r(-1) is divided by 58.
53
Let w = 933 + -845. Suppose 5*u - 61 = y, -50 = -5*u + 5*y - 5. What is the remainder when w is divided by u?
10
Suppose 3*j = 2*r + 6, -j - 9 = -7*r + 2*j. Suppose 0 = -v - r*z + 49, 4*z + 62 - 258 = -4*v. What is the remainder when 84 is divided by v?
35
Suppose -3*v + 540 = 2*v. Let s(i) = 2*i**2 + i. Let t(w) = -11*w**2 - 9*w - 26. Let k(q) = -6*s(q) - t(q). Calculate the remainder when v is divided by k(5).
12
Suppose 0 = -5*q + q + 20. Suppose 0 = a - 3 - q. Suppose 446*z = 79*z + 4771. Calculate the remainder when z is divided by a.
5
Suppose 2*x - 41*r - 1759 = -36*r, 2*r - 4499 = -5*x. Calculate the remainder when x is divided by 111.
9
Let t(a) = 51*a + 51. Let s be t(-1). Let n be (30/(-40))/(1/(-4)). Suppose s*j - 228 = -n*j. What is the remainder when j is divided by 13?
11
Suppose -2766 = -33*t - 1149. Calculate the remainder when 96 is divided by t.
47
Suppose 64369 + 4073 = 561*q. Calculate the remainder when q is divided by (-85)/(-2) - 7/(-14).
36
Let g(u) = u**3 - 17*u**2 + 6*u + 200. What is the remainder when 51 is divided by g(16)?
11
Let b be 28/35*(-10)/4. Suppose -84*m + 89*m = 305. What is the remainder when m is divided by b/3 + (-475)/(-15)?
30
Suppose 0 = y - 550 + 677. Let v(l) = -2*l**2 + 2*l - 6. Let m be v(8). Let a = m - y. Calculate the remainder when 25 is divided by a.
7
Suppose 5*p - 191 = -2*q, 6*q + 3*p = 5*q + 95. What is the remainder when q is divided by 14 + -13 + 104/4?
17
Calculate the remainder when 315 is divided by 152/4 + ((-22)/(-11) - 11).
25
Let p(k) = -k**3 + 19*k**2 + 61*k + 32. Let b be p(22). Calculate the remainder when 5 - b - (0/2)/(-1) is divided by 9.
2
Let q(t) = t**2 - 79*t - 53. Let r(x) = 2*x**2 - 118*x - 79. Let c = 65 + -58. Let b(w) = c*q(w) - 5*r(w). Calculate the remainder when 178 is divided by b(12).
34
Let y = -17 - -40. Suppose 239*h = 836 + 120. Calculate the remainder when y is divided by h.
3
Let x = 115 + -116. Let i be (3/(-18))/((-1)/6)*x. What is the remainder when 71 is divided by (i + (-2)/(-3))*(7 + -64)?
14
Let s(d) = d**2 - d - 45. Let a be s(10). Calculate the remainder when 112 is divided by 10/a*60*3.
32
Suppose -f - 3 + 18 = 0. Let b = f - 6. Suppose 0 = b*y - 5*y - 180. What is the remainder when 179 is divided by y?
44
Let z(g) = g**3 + 10*g**2 + 17*g + 14. Let i be z(-8). What is the remainder when 144 is divided by (224/i)/((-30)/9 + 4)?
32
Suppose 0 = -3*u + 426 - 126. Suppose 4*n + u = 916. What is the remainder when n is divided by 23?
20
Let u = -592 - -597. Suppose -3*d - u*n + 42 = 0, d - 4*d = -5*n - 12. Calculate the remainder when 115 is divided by d.
7
Suppose 0 = 5*c - 3*u - 255 - 1448, 4*u = 5*c - 1704. Calculate the remainder when c is divided by 60.
40
Let x be (12/15)/((-1)/(-30)). Let a = x - 24. Suppose 4*i - 38 - 39 = 5*r, 5*i + 3*r - 50 = a. What is the remainder when 46 is divided by i?
7
Suppose q = 12*b - 11*b - 26, -4*q = -3*b + 76. What is the remainder when 318 is divided by b?
10
Let y(q) = 2*q**2 + 40*q - 67. Calculate the remainder when y(-26) is divided by 41.
40
Let m(r) = -3*r**2 - 12*r - 30. Let k be m(-5). Let w = k - -54. Suppose -4*n + 196 = 3*n. What is the remainder when n is divided by w?
1
Suppose 0 = 2*k + 2*k - 72. Suppose -60*l - 61*l + 306 = -115*l. What is the remainder when l is divided by k?
15
Let w be 2 + 2 - 32/((-28)/(-7)). What is the remainder when 188 is divided by -1*(-46 - (-2 - w))?
44
Let w(f) = f**2 - 2*f - 12. Let u(b) = -91*b + 405. What is the remainder when w(9) is divided by u(4)?
10
Suppose -16*u - 141 = -150 + 73. Let p be (-1*1)/(-1) - -45. Calculate the remainder when 57 is divided by u/12 - p/(-3).
12
